20452
What is -f43f4 (base 16) in base 8?
-3641764
What is -366670 (base 12) in base 11?
-552916
-33baab (base 12) to base 6
-25435135
What is 1023113032 (base 4) in base 9?
520384
What is 100121010201 (base 3) in base 12?
913a7
230bf (base 16) to base 9
237821
2534127 (base 10) to base 8
11525357
5903110 (base 10) to base 5
3002344420
What is 69f7e2 (base 16) in base 11?
3a13759
What is -11123004 (base 5) in base 14?
-27c80
What is -1363f3 (base 16) in base 7?
-13541605
-cb78 (base 14) to base 6
-430530
16463521 (base 7) to base 6
54320344
47117210 (base 8) to base 4
213021322020
What is -941c8 (base 14) in base 16?
-572e4
129548 (base 11) to base 5
22443334
-24066300 (base 7) to base 13
-5995c5
What is -944b6 (base 16) in base 4?
-2110102312
1011001011110000 (base 2) to base 6
552024
What is -20023322113 (base 4) in base 9?
-4030611
120404222 (base 5) to base 13
167b31
What is 67245 (base 12) in base 14?
37c33
Convert 20360612 (base 7) to base 2.
110100010000001011000
14807247 (base 9) to base 6
422152241
What is 95aab2 (base 13) in base 3?
20121020102002
Convert -20898d3 (base 14) to base 16.
-eae051
What is -10100001110010111110001 (base 2) in base 15?
-6ead4a
Convert 60a351 (base 13) to base 4.
20211120331
What is -2581b8 (base 13) in base 4?
-3130201313
Convert -6646236 (base 7) to base 14.
-17441d
What is 1101101100110000010 (base 2) in base 13?
129428
What is -121212220 (base 3) in base 2?
-11000000010101
What is 1033321 (base 4) in base 6?
35401
-10223133 (base 4) to base 8
-45337
Convert 1a7b862 (base 12) to base 16.
560e0a
Convert 1140011 (base 5) to base 8.
51410
What is -14dd0d (base 15) in base 13?
-294175
What is -533104 (base 13) in base 4?
-13123303300
What is -20e7d (base 16) in base 13?
-4946a
Convert 3ad60 (base 15) to base 14.
4ca64
What is -203233302 (base 4) in base 14?
-3b506
What is 106106 (base 11) in base 12?
81a90
1013844 (base 9) to base 7
4411621
Convert 2560584 (base 10) to base 2.
1001110001001001001000
-3531754 (base 8) to base 4
-3223033230
Convert 1301420304 (base 5) to base 7.
35545442
Convert -111202133003 (base 4) to base 7.
-65664305
21c484 (base 14) to base 11
714479
Convert -101220200221 (base 3) to base 10.
-214837
438212 (base 11) to base 8
2525226
What is 25430545 (base 6) in base 16?
ca3c1
1680e29 (base 15) to base 12
55888a0
Convert -503136 (base 7) to base 5.
-10211030
What is -321331 (base 6) in base 9?
-40021
Convert 11188065 (base 10) to base 13.
2419575
What is -4155652 (base 7) in base 16?
-7a6ce
What is -312d7 (base 16) in base 9?
-336272
What is 81648 (base 13) in base 3?
102202220200
What is -122110100121 (base 3) in base 9?
-573317
Convert -3700374 (base 8) to base 4.
-3320003330
What is 1547c82 (base 13) in base 6?
402023023
Convert -2451500 (base 6) to base 9.
-220080
-112213120 (base 4) to base 6
-1552504
-18897b (base 14) to base 15
-12271c
What is 4241430 (base 6) in base 11?
132093
Convert -10233202000 (base 4) to base 15.
-198594
Convert -59c84 (base 15) to base 4.
-1011321310
-2047212 (base 10) to base 4
-13303303230
Convert -24510303 (base 7) to base 11.
-1276110
181018 (base 16) to base 7
16255423
-24031157 (base 9) to base 10
-11712247
What is 161a58 (base 14) in base 6?
24323102
1148652 (base 13) to base 6
310132323
Convert 31d40 (base 15) to base 13.
5703c
What is -f141c (base 16) in base 6?
-33102540
What is -100010110101001 (base 2) in base 6?
-214321
-1624a3 (base 13) to base 2
-10000101110000010110
What is -121011201020 (base 3) in base 7?
-2464113
-2232023 (base 5) to base 16
-9ad6
What is 41202410 (base 5) in base 15?
692a5
-2110200102012 (base 3) to base 5
-314000002
Convert -3c77566 (base 13) to base 16.
-1243d32
-4508302 (base 10) to base 2
-10001001100101010001110
12abc (base 15) to base 11
40a26
Convert 628516 (base 10) to base 9.
1157141
Convert -1546155 (base 8) to base 3.
-211122011211
-20dca8 (base 16) to base 4
-20031302220
What is 1a7088 (base 11) in base 7?
2456555
Convert 480722 (base 11) to base 4.
2322011123
What is -ecbc5 (base 16) in base 8?
-3545705
What is 233324132 (base 6) in base 7?
52052264
Convert -42b226 (base 12) to base 5.
-232244001
Convert 741ad9 (base 15) to base 10.
5523954
Convert -12233436 (base 7) to base 11.
-692148
Convert -16c56 (base 14) to base 13.
-20114
What is -22705b (base 15) in base 7?
-16654106
What is -447509 (base 10) in base 2?
-1101101010000010101
Convert -2019041 (base 11) to base 4.
-31213201323
What is -2c2461 (base 13) in base 15?
-16817c
What is ce1499 (base 16) in base 14?
1b17c81
230402430 (base 5) to base 12
417236
What is -5414788 (base 10) in base 3?
-101012002200201
647191 (base 11) to base 9
1845842
What is -1643378 (base 14) in base 2?
-101001101001110010011110
-224115 (base 8) to base 13
-286ab
-102221114 (base 5) to base 3
-210211012200
What is 27858 (base 15) in base 6?
2414502
Convert -121010001012 (base 3) to base 11.
-1a7306
232000002 (base 5) to base 8
3774535
Convert 5556431 (base 7) to base 8.
2474741
Convert 1305425 (base 6) to base 11.
49570
Convert 2722269 (base 12) to base 2.
11101100110010011110001
Convert 3048567 (base 9) to base 8.
6151361
Convert -22200312220 (base 4) to base 7.
-32266003
Convert -1a356 (base 14) to base 7.
-364636
2b7a9b (base 16) to base 2
1010110111101010011011
-112311303 (base 5) to base 16
-7c8fb
Convert -29a694 (base 12) to base 5.
-134440134
Convert -6270 (base 16) to base 3.
-1021120100
What is -47409 (base 14) in base 13?
-6107b
Convert -172378 (base 9) to base 13.
-39785
Convert 1104186 (base 9) to base 6.
20415553
What is 318897 (base 10) in base 3?
121012110000
What is -29738a (base 11) in base 6?
-13534305
Convert -1322231040 (base 5) to base 16.
-32abc2
Convert 23122303 (base 4) to base 5.
2444041
Convert 44561415 (base 7) to base 9.
7238066
Convert 1010011111110011 (base 2) to base 13.
16754
111221110 (base 3) to base 12
5a70
-543142 (base 8) to base 9
-306414
Convert 53423343 (base 6) to base 14.
2cd939
6557242 (base 8) to base 9
3273478
380084 (base 10) to base 16
5ccb4
Convert -1130333223 (base 4) to base 12.
-164523
What is -66a4a5 (base 11) in base 7?
-12035611
Convert -923115 (base 10) to base 2.
-11100001010111101011
-ac3b (base 13) to base 8
-56760
-111a7 (base 16) to base 3
-10120002122
What is -2aa99d (base 14) in base 9?
-2718652
-56e70 (base 15) to base 6
-5532410
23714552 (base 8) to base 4
103321211222
Convert 20c1a6 (base 13) to base 15.
102dda
-aee37 (base 16) to base 7
-6042315
Convert 5ba4a (base 13) to base 7.
1301623
15566b (base 16) to base 8
5253153
What is 776533 (base 8) in base 7?
2136203
What is -58699 (base 16) in base 4?
-1120122121
252200 (base 8) to base 4
111102000
297a2b (base 14) to base 10
1442599
What is 21654240 (base 7) in base 4?
13022300220
-56563 (base 9) to base 16
-9309
213431021 (base 5) to base 9
1653037
-40110380 (base 9) to base 15
-1a43386
-414524 (base 6) to base 10
-33460
Convert db03 (base 14) to base 4.
21033013
-1101101111000111 (base 2) to base 9
-85154
-14450120 (base 6) to base 2
-1111011000110000000
What is 1318763 (base 9) in base 12?
2a9719
-594529 (base 10) to base 5
-123011104
Convert -1132120013 (base 4) to base 13.
-106c4c
What is -78481 (base 9) in base 8?
-145674
-53751 (base 9) to base 11
-24829
What is -1d023b (base 14) in base 13?
-2a4414
Convert -11110001001010001 (base 2) to base 16.
-1e251
Convert -1527640 (base 9) to base 13.
-237a74
What is -30445004 (base 6) in base 16?
-d627c
Convert 461226 (base 7) to base 4.
110002233
-476387 (base 9) to base 3
-112120102221
Convert -8848c (base 15) to base 6.
-13140440
Convert -10183264 (base 9) to base 5.
-2223200123
10000100 (base 3) to base 11
1717
What is 222221021120 (base 3) in base 2?
10000001011100001011
What is 30457331 (base 8) in base 13?
14494a5
Convert -53337436 (base 8) to base 14.
-1725926
What is 9469d (base 14) in base 8?
1273223
6b9952 (base 12) to base 10
1737998
What is 4467637 (base 8) in base 11?
755835
200a3 (base 11) to base 14
a9d9
Convert -431034100 (base 5) to base 15.
-25cb35
Convert -53c608 (base 14) to base 16.
-2b4fd0
Convert 322130403 (base 6) to base 13.
1249272
What is -135646 (base 13) in base 14?
-c2d05
What is -101205040 (base 6) in base 3?
-10021112211220
-1ab604 (base 12) to base 16
-743a4
34ab14 (base 13) t